on factor of c and w?
3
Let f = 16718 - 16625. What is the greatest common factor of f and 210?
3
Let p = 360 - -1391. Calculate the greatest common divisor of p and 68.
17
Let i be (54/(-81))/((-2)/72). Calculate the greatest common factor of i and 772.
4
Suppose 2*n - 27 = -3*d, -2*n = -23*d + 24*d - 5. What is the greatest common factor of d and 352?
11
Let g(x) = 21*x. Let a be g(2). Suppose 1172 = 4*u + 192. Suppose 10*s - u + 35 = 0. What is the highest common factor of a and s?
21
Suppose 456*q + 360 = 460*q. What is the greatest common divisor of q and 9270?
90
Let r = 23 + -12. Suppose r*h - 35 = 4*h. Suppose o + h*c - 4 = 0, -2*c = 2*c. What is the highest common divisor of 32 and o?
4
Let a be 33 + 7 + 16/(-56)*7. What is the greatest common factor of 42 and a?
2
Suppose -f = 2*f - 1122. Suppose 2*k + 11 = -5*m, 3*k - 16 = 2*m + 15. Suppose -238 = -k*u - 0*u. Calculate the greatest common divisor of u and f.
34
Suppose 0*g - 2*g = -96. Let v be (9 - 6 - -1) + 46. Let a = -38 + v. Calculate the highest common factor of a and g.
12
Let l be ((-770)/3)/7*(-6)/(-5). Let q = -45 - l. Let s(v) = -9*v + 9. Let c be s(q). What is the greatest common factor of c and 162?
18
Let b = 12102 - 12089. Let s be 2 + -1 + 128/2. What is the greatest common factor of b and s?
13
Suppose -83*i - 6*i + 42855 + 257520 = 0. Calculate the greatest common divisor of 1375 and i.
125
Suppose a = 5*c - 204 - 160, 2*a = -4*c + 280. Suppose c = 19*x - 156. What is the highest common factor of 108 and x?
12
Let u = 6488 - -1441. Calculate the greatest common divisor of u and 9.
9
Let p(x) = 4*x**2 + 6*x - 68. Let u be p(18). What is the highest common divisor of u and 72?
8
Let d(v) = v**2 + 213*v + 8534. Let m be d(-160). Let w = -4 - -6. Calculate the highest common factor of w and m.
2
Let f be 252 + ((-24)/40 - 2/5). Let a = -153 + f. What is the highest common factor of a and 14?
14
Suppose 382*f - 4122 = -j + 378*f, 5*j - 20754 = -2*f. Calculate the highest common factor of j and 124.
62
Suppose -13 = -3*o + 11. Suppose 418*y - 218*y = 25600. Calculate the greatest common factor of y and o.
8
Let q be 9*((-3)/((-225)/10))/((-2)/(-100)). Let m(z) = z**3 + 8*z**2 + 3*z. Let f be m(-5). What is the highest common divisor of q and f?
60
Let a(f) = f**3 + 6*f**2 - 6*f + 7. Let m be a(-5). Suppose -5*r + 258 + 157 = 0. Let c = m + r. Calculate the highest common divisor of c and 29.
29
Let z = -344 - -339. Let n(s) = 3*s**2 - 15*s - 50. Let i be n(z). Calculate the greatest common divisor of 12 and i.
4
Suppose -2*x - 256 = -4*h - 0*h, 0 = -5*x - 10. Suppose 0 = 12*z - 9*z - h. Let a be (-4420)/(-90) + 1/(-9). Calculate the greatest common factor of z and a.
7
Suppose -z + 108 = -148. Suppose -z = -103*k + 99*k. Calculate the highest common divisor of k and 256.
64
Let m be 28 + (-12 - 8) - 12/(-1). Calculate the highest common divisor of m and 1220.
20
Let i = -4513 - -4986. What is the greatest common factor of 11 and i?
11
Suppose 0 = -t + 2*t + 4*m - 368, 4*m + 352 = t. Suppose -d - 10*d = -495. What is the highest common divisor of t and d?
45
Let h = -136 + 138. Suppose 0 = 3*z - 15, h*z = 5*s - 310. What is the greatest common divisor of s and 8?
8
Suppose 9*k - 1386 = -5*k. Let q = 150 - 84. Suppose -5*m + q = m. What is the highest common factor of m and k?
11
Suppose 185089 = 110*q + 34*q - 388031. What is the highest common divisor of 30 and q?
10
Let r(l) = -24*l - 495. Let x be r(-29). Suppose 0*z = 10*z - 30. Calculate the greatest common divisor of x and z.
3
Suppose 0 = k + 3*k - 12, -4*k + 162 = 3*h. Suppose 0 = -54*f + h*f + 60. Let b = 36 - f. Calculate the highest common factor of 84 and b.
21
Let b = -511 + 411. Let i = 264 + -141. Let j = i + b. What is the greatest common divisor of 299 and j?
23
Let j = -15 - -31. Let f = -11 + j. Suppose -s - 252 = -f*s. What is the highest common factor of 7 and s?
7
Let i = -78 + 86. Suppose 0 = -i*z - 6*z + 56. Suppose 10 = 2*y, 5*y = -2*m + 3*m + 13. What is the greatest common divisor of m and z?
4
Suppose -324 = -140*t + 131*t. Calculate the greatest common divisor of 3204 and t.
36
Let m(g) = g**3 - 8*g**2 - 39*g + 344. Let u be m(9). What is the highest common divisor of u and 34?
2
Suppose u + 4*p = 26, -4*u + 8*p + 90 = 10*p. Calculate the greatest common factor of 2794 and u.
22
Suppose 25*i - 22*i - 45 = 3*f, 36 = 4*i + 2*f. Calculate the greatest common factor of 2167 and i.
11
Suppose 4326676 + 13903184 = -100*f + 586*f. What is the highest common divisor of f and 11?
11
Let x(t) = -636*t + 173. Let b be x(-2). What is the highest common divisor of 2040 and b?
85
Suppose -14*n = -11*n - 12. Suppose -2*o - r = -388, -17*r - 772 = -n*o - 21*r. What is the greatest common factor of o and 117?
39
Suppose 19*h - 291 = -2*y + 20*h, 2*y - 281 = 3*h. Calculate the greatest common factor of 72 and y.
4
Suppose 4*v + 8 = -r, r = 2*v - 5*v - 7. Let o(y) = -y + 5. Let d be o(6). Let w be (35 - d) + 1/v*-2. What is the highest common factor of 190 and w?
38
Let m(q) = -4*q. Let d be m(-2). Let t = 10 - d. Let w be (-1400)/(-238) + 8/68. Calculate the highest common divisor of w and t.
2
Let u(c) = 25*c**2 + 15*c + 31. Let k be u(5). What is the greatest common factor of k and 153?
17
Let b(c) = -c**2 - 11*c + 15. Let q be b(-12). Let p(v) = 65 + 63 - 5*v + 8*v**2 + v**3 - 135. Let x be p(q). Calculate the highest common factor of x and 33.
11
Suppose -3*h = 2*h - 15. Let u(j) = j**3 + 76*j**2 - 760*j + 494. Let i be u(-85). Calculate the greatest common divisor of i and h.
3
Let u = -11573 - -12646. What is the greatest common divisor of u and 29?
29
Suppose -30 - 30 = -3*c. Calculate the highest common factor of c and 12.
4
Let t = 5681 + -5663. What is the greatest common divisor of 1341 and t?
9
Let p be 3/((-2)/3*(-17)/(1428/18)). Suppose 0*q + 1365 = 5*q. What is the highest common divisor of p and q?
21
Suppose 4*q = 5*h, -2*q - q = 5*h - 35. Suppose -i - q = -8. What is the highest common factor of i and 3?
3
Suppose 157*w = -3*l + 152*w + 162, -l + 24 = 5*w. What is the highest common factor of l and 3197?
23
Let o(v) = v**2 + 16*v + 2. Let t be o(-19). Suppose t + 389 = 16*n. What is the greatest common divisor of 8 and n?
4
Let o(d) = 3*d**2 + 24*d - 63. Let m be o(-15). Let z = -21 - -1. Let b = 16 - z. Calculate the highest common factor of m and b.
36
Suppose -57 = -4*n + 55. Suppose -i = -5*i + n. Let s be 9 + ((-560)/63)/(6/(-27)). Calculate the highest common divisor of i and s.
7
Suppose -6*t = -1 + 91. Let x = -6 - t. What is the highest common divisor of x and 279?
9
Suppose 5461270 = 482*t - 36*t. Calculate the greatest common factor of 155 and t.
155
Suppose 5*z + 20 = 5*n, 6*n + 26 = -4*z + 5*n. Let x be z/((-116)/52 + 2). Calculate the greatest common factor of x and 325.
13
Suppose -2*s - 35 = -43. Suppose -5*l + s*u + 472 = 0, -u = 3*l - 6*u - 278. What is the greatest common factor of 30 and l?
6
Let j be (-686)/(-8) + 3/(-4). Suppose -5*g - 5 = -0*g. Let v be 20 - (4 - (g + 2)). What is the highest common divisor of j and v?
17
Let f be (38/(-8))/(31/4 - 8). Suppose f*r = 20*r + 3*l - 248, 2*r - 489 = l. What is the highest common factor of 140 and r?
35
Let r be (-1 - (-7)/3)*3. Suppose 101316*k - 2592 = 101292*k. Calculate the greatest common factor of r and k.
4
Suppose 4*k = 3*a - 31207, -139*a + 143*a - 3*k - 41593 = 0. What is the highest common factor of a and 19?
19
Let i(p) = -749*p + 3748. Let u be i(5). Calculate the highest common factor of 123 and u.
3
Suppose -884*j + 51 + 129 = -854*j. What is the highest common factor of 9120 and j?
6
Let z(k) = -k**3 + 16*k**2 + 178*k - 191. Let f be z(23). Calculate the greatest common divisor of f and 120.
40
Suppose 56 = 3*a + a. Suppose -3*m - a = -6*m + 4*k, 5*m - 4 = -3*k. Suppose 23 = 5*h - 4*u, 3*h = -m*u - u + 3. What is the highest common divisor of 9 and h?
3
Let f = 9 + 1. Let o be ((-72)/(-60))/((-24)/(-80)). Calculate the highest common divisor of f and o.
2
Let n = -7 - -31. Let x be n/9 - (-3 - -6)/(-9). Suppose -h + 84 = 3*y + 4*h, 5*y - 2*h = 171. Calculate the greatest common factor of x and y.
3
Let g = -72 + 133. Suppose 23*q = 12222 + 405. Calculate the greatest common factor of g and q.
61
Let z(b) 